 {"id":7,"date":"2013-08-21T08:03:48","date_gmt":"2013-08-21T08:03:48","guid":{"rendered":"http:\/\/www.circolosubacqueitorino.it\/?page_id=2"},"modified":"2024-06-23T10:49:41","modified_gmt":"2024-06-23T10:49:41","slug":"pagina-di-esempio","status":"publish","type":"page","link":"https:\/\/www.circolosubacqueitorino.it\/?page_id=7","title":{"rendered":"Chi Siamo"},"content":{"rendered":"\n<p>Benvenuti al Circolo Subacquei Torino (CST). Fondato nel 1953, il CST \u00e8 pi\u00f9 di un semplice club di subacquei: \u00e8 un punto di aggregazione per appassionati e un punto di partenza per chi vuole avvicinarsi al mondo sommerso.   <\/p>\n\n\n<div class=\"wp-block-image\">\n<figure class=\"aligncenter size-large is-resized\"><img loading=\"lazy\" decoding=\"async\" width=\"1024\" height=\"1024\" src=\"https:\/\/www.circolosubacqueitorino.it\/wp-content\/uploads\/2024\/06\/Chi-siamo-Foto-CST-1024x1024.png\" alt=\"\" class=\"wp-image-2203\" style=\"width:427px;height:auto\" srcset=\"https:\/\/www.circolosubacqueitorino.it\/wp-content\/uploads\/2024\/06\/Chi-siamo-Foto-CST-1024x1024.png 1024w, https:\/\/www.circolosubacqueitorino.it\/wp-content\/uploads\/2024\/06\/Chi-siamo-Foto-CST-300x300.png 300w, https:\/\/www.circolosubacqueitorino.it\/wp-content\/uploads\/2024\/06\/Chi-siamo-Foto-CST-150x150.png 150w, https:\/\/www.circolosubacqueitorino.it\/wp-content\/uploads\/2024\/06\/Chi-siamo-Foto-CST-768x768.png 768w, https:\/\/www.circolosubacqueitorino.it\/wp-content\/uploads\/2024\/06\/Chi-siamo-Foto-CST.png 1080w\" sizes=\"auto, (max-width: 1024px) 100vw, 1024px\" \/><\/figure>\n<\/div>\n\n\n<p>Un legame indissolubile ci unisce alla nostra Torino. Il blu e il giallo non sono solo i colori della nostra citt\u00e0 ma rappresentano anche l&#8217;essenza del CST.<br>Il blu del Po e il giallo del sole di Torino illuminano da sempre la nostra passione per il mare e la subacquea.<\/p>\n\n\n\n<figure class=\"wp-block-gallery has-nested-images columns-default is-cropped wp-block-gallery-1 is-layout-flex wp-block-gallery-is-layout-flex\">\n<figure class=\"wp-block-image size-large\"><img loading=\"lazy\" decoding=\"async\" width=\"1024\" height=\"1024\" data-id=\"2205\" src=\"https:\/\/www.circolosubacqueitorino.it\/wp-content\/uploads\/2024\/06\/Chi-siamo-Foto-anni-70-anni-Cst-1-1024x1024.png\" alt=\"\" class=\"wp-image-2205\" srcset=\"https:\/\/www.circolosubacqueitorino.it\/wp-content\/uploads\/2024\/06\/Chi-siamo-Foto-anni-70-anni-Cst-1-1024x1024.png 1024w, https:\/\/www.circolosubacqueitorino.it\/wp-content\/uploads\/2024\/06\/Chi-siamo-Foto-anni-70-anni-Cst-1-300x300.png 300w, https:\/\/www.circolosubacqueitorino.it\/wp-content\/uploads\/2024\/06\/Chi-siamo-Foto-anni-70-anni-Cst-1-150x150.png 150w, https:\/\/www.circolosubacqueitorino.it\/wp-content\/uploads\/2024\/06\/Chi-siamo-Foto-anni-70-anni-Cst-1-768x768.png 768w, https:\/\/www.circolosubacqueitorino.it\/wp-content\/uploads\/2024\/06\/Chi-siamo-Foto-anni-70-anni-Cst-1.png 1080w\" sizes=\"auto, (max-width: 1024px) 100vw, 1024px\" \/><\/figure>\n\n\n\n<figure class=\"wp-block-image size-large\"><img loading=\"lazy\" decoding=\"async\" width=\"1024\" height=\"1024\" data-id=\"2206\" src=\"https:\/\/www.circolosubacqueitorino.it\/wp-content\/uploads\/2024\/06\/Chi-siamo-Foto-anni-70-anni-storia-CST-1024x1024.png\" alt=\"\" class=\"wp-image-2206\" srcset=\"https:\/\/www.circolosubacqueitorino.it\/wp-content\/uploads\/2024\/06\/Chi-siamo-Foto-anni-70-anni-storia-CST-1024x1024.png 1024w, https:\/\/www.circolosubacqueitorino.it\/wp-content\/uploads\/2024\/06\/Chi-siamo-Foto-anni-70-anni-storia-CST-300x300.png 300w, https:\/\/www.circolosubacqueitorino.it\/wp-content\/uploads\/2024\/06\/Chi-siamo-Foto-anni-70-anni-storia-CST-150x150.png 150w, https:\/\/www.circolosubacqueitorino.it\/wp-content\/uploads\/2024\/06\/Chi-siamo-Foto-anni-70-anni-storia-CST-768x768.png 768w, https:\/\/www.circolosubacqueitorino.it\/wp-content\/uploads\/2024\/06\/Chi-siamo-Foto-anni-70-anni-storia-CST.png 1080w\" sizes=\"auto, (max-width: 1024px) 100vw, 1024px\" \/><\/figure>\n<\/figure>\n\n\n\n<p>Siamo parte del cuore pulsante della subacquea torinese. Unisciti a noi per continuare a scrivere questa meravigliosa storia!<\/p>\n\n\n\n<p>Potrai imparare ad immergerti in piena sicurezza divertendoti, partecipare alle nostre immersioni ed iniziative, frequentare un corso di apnea, allenarti in piscina e diventare parte di un gruppo.<\/p>\n\n\n\n<ul class=\"wp-block-list\">\n<li>Corsi subacquei di tutti i livelli con qualificati istruttori SSI e Padi<\/li>\n\n\n\n<li>Corsi subacquei tecnici con istruttori TSA<\/li>\n\n\n\n<li>Corsi di Apnea e di Acquaticit\u00e0 con qualificati istruttori SSI<\/li>\n\n\n\n<li>Nuoto libero ed allenamento per l&#8217;apnea<\/li>\n\n\n\n<li>Organizzazione di immersioni guidate con i nostri Istruttori e Divemaster<\/li>\n\n\n\n<li>Organizzazione di serate, gite e viaggi<\/li>\n<\/ul>\n\n\n\n<p>Visita il nostro centro, partecipa a una serata di prova gratuita in piscina o contattaci per scoprire di pi\u00f9 sulle nostre attivit\u00e0. Le attivit\u00e0 svolte all&#8217;interno del Circolo, sono in collaborazione con <strong><a href=\"http:\/\/www.puntosub.it\">Punto Sub<\/a><\/strong><a href=\"https:\/\/www.circolosubacqueitorino.it\/wp-content\/uploads\/2013\/08\/logo-PuntoSub-2.png\"><\/a>.<\/p>\n\n\n\n<p>Con l&#8217;iscrizione al nostro Circolo potrai partecipare a tutte le nostre iniziative.<br>Siamo iscritti al Registro Nazionale delle Attivit\u00e0 Sportive Dilettantistiche del Dipartimento per lo Sport.<\/p>\n\n\n<div class=\"wp-block-image\">\n<figure class=\"aligncenter size-full is-resized\"><img loading=\"lazy\" decoding=\"async\" width=\"373\" height=\"123\" src=\"https:\/\/www.circolosubacqueitorino.it\/wp-content\/uploads\/2024\/06\/Certificato-Registro-Nazionale1.png\" alt=\"\" class=\"wp-image-2209\" style=\"width:252px;height:auto\" srcset=\"https:\/\/www.circolosubacqueitorino.it\/wp-content\/uploads\/2024\/06\/Certificato-Registro-Nazionale1.png 373w, https:\/\/www.circolosubacqueitorino.it\/wp-content\/uploads\/2024\/06\/Certificato-Registro-Nazionale1-300x99.png 300w\" sizes=\"auto, (max-width: 373px) 100vw, 373px\" \/><\/figure>\n<\/div>\n\n\n<div style=\"height:100px\" aria-hidden=\"true\" class=\"wp-block-spacer\"><\/div>\n","protected":false},"excerpt":{"rendered":"<p>Benvenuti al Circolo Subacquei Torino (CST). Fondato nel 1953, il CST \u00e8 pi\u00f9 di un semplice club di subacquei: \u00e8 un punto di aggregazione per appassionati e un punto di partenza per chi vuole avvicinarsi al mondo sommerso. Un legame indissolubile ci unisce alla nostra Torino. Il blu e il giallo non sono solo i &hellip; <\/p>\n<p class=\"link-more\"><a href=\"https:\/\/www.circolosubacqueitorino.it\/?page_id=7\" class=\"more-link\">Leggi tutto<span class=\"screen-reader-text\"> &#8220;Chi Siamo&#8221;<\/span><\/a><\/p>\n","protected":false},"author":1,"featured_media":0,"parent":0,"menu_order":0,"comment_status":"closed","ping_status":"closed","template":"","meta":{"footnotes":""},"class_list":["post-7","page","type-page","status-publish","hentry"],"yoast_head":"<!-- This site is optimized with the Yoast SEO plugin v27.5 - https:\/\/yoast.com\/product\/yoast-seo-wordpress\/ -->\n<title>Chi Siamo - CST<\/title>\n<meta name=\"robots\" content=\"index, follow, max-snippet:-1, max-image-preview:large, max-video-preview:-1\" \/>\n<link rel=\"canonical\" href=\"https:\/\/www.circolosubacqueitorino.it\/?page_id=7\" \/>\n<meta property=\"og:locale\" content=\"it_IT\" \/>\n<meta property=\"og:type\" content=\"article\" \/>\n<meta property=\"og:title\" content=\"Chi Siamo - CST\" \/>\n<meta property=\"og:description\" content=\"Benvenuti al Circolo Subacquei Torino (CST). Fondato nel 1953, il CST \u00e8 pi\u00f9 di un semplice club di subacquei: \u00e8 un punto di aggregazione per appassionati e un punto di partenza per chi vuole avvicinarsi al mondo sommerso. Un legame indissolubile ci unisce alla nostra Torino. Il blu e il giallo non sono solo i &hellip; Leggi tutto &quot;Chi Siamo&quot;\" \/>\n<meta property=\"og:url\" content=\"https:\/\/www.circolosubacqueitorino.it\/?page_id=7\" \/>\n<meta property=\"og:site_name\" content=\"CST\" \/>\n<meta property=\"article:modified_time\" content=\"2024-06-23T10:49:41+00:00\" \/>\n<meta property=\"og:image\" content=\"https:\/\/www.circolosubacqueitorino.it\/wp-content\/uploads\/2024\/06\/Chi-siamo-Foto-CST-1024x1024.png\" \/>\n<meta name=\"twitter:card\" content=\"summary_large_image\" \/>\n<meta name=\"twitter:label1\" content=\"Tempo di lettura stimato\" \/>\n\t<meta name=\"twitter:data1\" content=\"3 minuti\" \/>\n<script type=\"application\/ld+json\" class=\"yoast-schema-graph\">{\"@context\":\"https:\\\/\\\/schema.org\",\"@graph\":[{\"@type\":\"WebPage\",\"@id\":\"https:\\\/\\\/www.circolosubacqueitorino.it\\\/?page_id=7\",\"url\":\"https:\\\/\\\/www.circolosubacqueitorino.it\\\/?page_id=7\",\"name\":\"Chi Siamo - CST\",\"isPartOf\":{\"@id\":\"https:\\\/\\\/www.circolosubacqueitorino.it\\\/#website\"},\"primaryImageOfPage\":{\"@id\":\"https:\\\/\\\/www.circolosubacqueitorino.it\\\/?page_id=7#primaryimage\"},\"image\":{\"@id\":\"https:\\\/\\\/www.circolosubacqueitorino.it\\\/?page_id=7#primaryimage\"},\"thumbnailUrl\":\"https:\\\/\\\/www.circolosubacqueitorino.it\\\/wp-content\\\/uploads\\\/2024\\\/06\\\/Chi-siamo-Foto-CST-1024x1024.png\",\"datePublished\":\"2013-08-21T08:03:48+00:00\",\"dateModified\":\"2024-06-23T10:49:41+00:00\",\"breadcrumb\":{\"@id\":\"https:\\\/\\\/www.circolosubacqueitorino.it\\\/?page_id=7#breadcrumb\"},\"inLanguage\":\"it-IT\",\"potentialAction\":[{\"@type\":\"ReadAction\",\"target\":[\"https:\\\/\\\/www.circolosubacqueitorino.it\\\/?page_id=7\"]}]},{\"@type\":\"ImageObject\",\"inLanguage\":\"it-IT\",\"@id\":\"https:\\\/\\\/www.circolosubacqueitorino.it\\\/?page_id=7#primaryimage\",\"url\":\"https:\\\/\\\/www.circolosubacqueitorino.it\\\/wp-content\\\/uploads\\\/2024\\\/06\\\/Chi-siamo-Foto-CST.png\",\"contentUrl\":\"https:\\\/\\\/www.circolosubacqueitorino.it\\\/wp-content\\\/uploads\\\/2024\\\/06\\\/Chi-siamo-Foto-CST.png\",\"width\":1080,\"height\":1080},{\"@type\":\"BreadcrumbList\",\"@id\":\"https:\\\/\\\/www.circolosubacqueitorino.it\\\/?page_id=7#breadcrumb\",\"itemListElement\":[{\"@type\":\"ListItem\",\"position\":1,\"name\":\"Home\",\"item\":\"https:\\\/\\\/www.circolosubacqueitorino.it\\\/\"},{\"@type\":\"ListItem\",\"position\":2,\"name\":\"Chi Siamo\"}]},{\"@type\":\"WebSite\",\"@id\":\"https:\\\/\\\/www.circolosubacqueitorino.it\\\/#website\",\"url\":\"https:\\\/\\\/www.circolosubacqueitorino.it\\\/\",\"name\":\"CST\",\"description\":\"SUB TORINO\",\"publisher\":{\"@id\":\"https:\\\/\\\/www.circolosubacqueitorino.it\\\/#organization\"},\"potentialAction\":[{\"@type\":\"SearchAction\",\"target\":{\"@type\":\"EntryPoint\",\"urlTemplate\":\"https:\\\/\\\/www.circolosubacqueitorino.it\\\/?s={search_term_string}\"},\"query-input\":{\"@type\":\"PropertyValueSpecification\",\"valueRequired\":true,\"valueName\":\"search_term_string\"}}],\"inLanguage\":\"it-IT\"},{\"@type\":\"Organization\",\"@id\":\"https:\\\/\\\/www.circolosubacqueitorino.it\\\/#organization\",\"name\":\"Circolo Subacquei Torino\",\"url\":\"https:\\\/\\\/www.circolosubacqueitorino.it\\\/\",\"logo\":{\"@type\":\"ImageObject\",\"inLanguage\":\"it-IT\",\"@id\":\"https:\\\/\\\/www.circolosubacqueitorino.it\\\/#\\\/schema\\\/logo\\\/image\\\/\",\"url\":\"https:\\\/\\\/www.circolosubacqueitorino.it\\\/wp-content\\\/uploads\\\/2022\\\/05\\\/cst.jpg\",\"contentUrl\":\"https:\\\/\\\/www.circolosubacqueitorino.it\\\/wp-content\\\/uploads\\\/2022\\\/05\\\/cst.jpg\",\"width\":150,\"height\":183,\"caption\":\"Circolo Subacquei Torino\"},\"image\":{\"@id\":\"https:\\\/\\\/www.circolosubacqueitorino.it\\\/#\\\/schema\\\/logo\\\/image\\\/\"}}]}<\/script>\n<!-- \/ Yoast SEO plugin. -->","yoast_head_json":{"title":"Chi Siamo - CST","robots":{"index":"index","follow":"follow","max-snippet":"max-snippet:-1","max-image-preview":"max-image-preview:large","max-video-preview":"max-video-preview:-1"},"canonical":"https:\/\/www.circolosubacqueitorino.it\/?page_id=7","og_locale":"it_IT","og_type":"article","og_title":"Chi Siamo - CST","og_description":"Benvenuti al Circolo Subacquei Torino (CST). Fondato nel 1953, il CST \u00e8 pi\u00f9 di un semplice club di subacquei: \u00e8 un punto di aggregazione per appassionati e un punto di partenza per chi vuole avvicinarsi al mondo sommerso. Un legame indissolubile ci unisce alla nostra Torino. Il blu e il giallo non sono solo i &hellip; Leggi tutto \"Chi Siamo\"","og_url":"https:\/\/www.circolosubacqueitorino.it\/?page_id=7","og_site_name":"CST","article_modified_time":"2024-06-23T10:49:41+00:00","og_image":[{"url":"https:\/\/www.circolosubacqueitorino.it\/wp-content\/uploads\/2024\/06\/Chi-siamo-Foto-CST-1024x1024.png","type":"","width":"","height":""}],"twitter_card":"summary_large_image","twitter_misc":{"Tempo di lettura stimato":"3 minuti"},"schema":{"@context":"https:\/\/schema.org","@graph":[{"@type":"WebPage","@id":"https:\/\/www.circolosubacqueitorino.it\/?page_id=7","url":"https:\/\/www.circolosubacqueitorino.it\/?page_id=7","name":"Chi Siamo - CST","isPartOf":{"@id":"https:\/\/www.circolosubacqueitorino.it\/#website"},"primaryImageOfPage":{"@id":"https:\/\/www.circolosubacqueitorino.it\/?page_id=7#primaryimage"},"image":{"@id":"https:\/\/www.circolosubacqueitorino.it\/?page_id=7#primaryimage"},"thumbnailUrl":"https:\/\/www.circolosubacqueitorino.it\/wp-content\/uploads\/2024\/06\/Chi-siamo-Foto-CST-1024x1024.png","datePublished":"2013-08-21T08:03:48+00:00","dateModified":"2024-06-23T10:49:41+00:00","breadcrumb":{"@id":"https:\/\/www.circolosubacqueitorino.it\/?page_id=7#breadcrumb"},"inLanguage":"it-IT","potentialAction":[{"@type":"ReadAction","target":["https:\/\/www.circolosubacqueitorino.it\/?page_id=7"]}]},{"@type":"ImageObject","inLanguage":"it-IT","@id":"https:\/\/www.circolosubacqueitorino.it\/?page_id=7#primaryimage","url":"https:\/\/www.circolosubacqueitorino.it\/wp-content\/uploads\/2024\/06\/Chi-siamo-Foto-CST.png","contentUrl":"https:\/\/www.circolosubacqueitorino.it\/wp-content\/uploads\/2024\/06\/Chi-siamo-Foto-CST.png","width":1080,"height":1080},{"@type":"BreadcrumbList","@id":"https:\/\/www.circolosubacqueitorino.it\/?page_id=7#breadcrumb","itemListElement":[{"@type":"ListItem","position":1,"name":"Home","item":"https:\/\/www.circolosubacqueitorino.it\/"},{"@type":"ListItem","position":2,"name":"Chi Siamo"}]},{"@type":"WebSite","@id":"https:\/\/www.circolosubacqueitorino.it\/#website","url":"https:\/\/www.circolosubacqueitorino.it\/","name":"CST","description":"SUB TORINO","publisher":{"@id":"https:\/\/www.circolosubacqueitorino.it\/#organization"},"potentialAction":[{"@type":"SearchAction","target":{"@type":"EntryPoint","urlTemplate":"https:\/\/www.circolosubacqueitorino.it\/?s={search_term_string}"},"query-input":{"@type":"PropertyValueSpecification","valueRequired":true,"valueName":"search_term_string"}}],"inLanguage":"it-IT"},{"@type":"Organization","@id":"https:\/\/www.circolosubacqueitorino.it\/#organization","name":"Circolo Subacquei Torino","url":"https:\/\/www.circolosubacqueitorino.it\/","logo":{"@type":"ImageObject","inLanguage":"it-IT","@id":"https:\/\/www.circolosubacqueitorino.it\/#\/schema\/logo\/image\/","url":"https:\/\/www.circolosubacqueitorino.it\/wp-content\/uploads\/2022\/05\/cst.jpg","contentUrl":"https:\/\/www.circolosubacqueitorino.it\/wp-content\/uploads\/2022\/05\/cst.jpg","width":150,"height":183,"caption":"Circolo Subacquei Torino"},"image":{"@id":"https:\/\/www.circolosubacqueitorino.it\/#\/schema\/logo\/image\/"}}]}},"_links":{"self":[{"href":"https:\/\/www.circolosubacqueitorino.it\/index.php?rest_route=\/wp\/v2\/pages\/7","targetHints":{"allow":["GET"]}}],"collection":[{"href":"https:\/\/www.circolosubacqueitorino.it\/index.php?rest_route=\/wp\/v2\/pages"}],"about":[{"href":"https:\/\/www.circolosubacqueitorino.it\/index.php?rest_route=\/wp\/v2\/types\/page"}],"author":[{"embeddable":true,"href":"https:\/\/www.circolosubacqueitorino.it\/index.php?rest_route=\/wp\/v2\/users\/1"}],"replies":[{"embeddable":true,"href":"https:\/\/www.circolosubacqueitorino.it\/index.php?rest_route=%2Fwp%2Fv2%2Fcomments&post=7"}],"version-history":[{"count":10,"href":"https:\/\/www.circolosubacqueitorino.it\/index.php?rest_route=\/wp\/v2\/pages\/7\/revisions"}],"predecessor-version":[{"id":2217,"href":"https:\/\/www.circolosubacqueitorino.it\/index.php?rest_route=\/wp\/v2\/pages\/7\/revisions\/2217"}],"wp:attachment":[{"href":"https:\/\/www.circolosubacqueitorino.it\/index.php?rest_route=%2Fwp%2Fv2%2Fmedia&parent=7"}],"curies":[{"name":"wp","href":"https:\/\/api.w.org\/{rel}","templated":true}]}}