 {"id":1481,"date":"2015-06-12T08:45:29","date_gmt":"2015-06-12T06:45:29","guid":{"rendered":"http:\/\/www.circolosubacqueitorino.it\/?page_id=1481"},"modified":"2015-06-12T08:45:29","modified_gmt":"2015-06-12T06:45:29","slug":"privacy-policy-2","status":"publish","type":"page","link":"https:\/\/www.circolosubacqueitorino.it\/?page_id=1481","title":{"rendered":"Privacy Policy"},"content":{"rendered":"<p><span style=\"font-size: large;\"><strong>NOTE LEGALI<\/strong><br \/>\n<\/span><br \/>\n<span style=\"font-size: medium;\"><strong>PRIVACY POLICY<\/strong><br \/>\n<\/span>La presente informativa descrive le modalit\u00e0 di gestione del sito circolosubacqueitorino.it, in riferimento al trattamento dei dati personali degli utenti, identificati o identificabili, che lo consultano e che interagiscono con esso e con i servizi web accessibili per via telematica. L\u2019informativa \u00e8 resa ai sensi dell\u00b4 art.13 del d.lgs. n.196\/2003 (Codice in materia di protezione dei dati personali) e si ispira alla Raccomandazione n.2\/2001 relativa ai requisiti minimi per la raccolta di dati personali on-line nell\u2019Unione Europea, adottata il 17 maggio 2001 dal Gruppo istituito dall\u2019art.29 della direttiva n.95\/46\/CE. In particolare, la presente informativa intende fornire notizie relative alle modalit\u00e0, ai tempi e alla natura delle informazioni che i titolari del trattamento devono fornire agli utenti quando questi si collegano a pagine web, indipendentemente dagli scopi del collegamento. L\u00b4informativa \u00e8 resa solo per il sito circolosubacqueitorino.it e non per altri siti web esterni, eventualmente consultati dall\u00b4utente tramite link.<br \/>\n<strong><span style=\"font-size: medium;\">TITOLARE DEL TRATTAMENTO<\/span><\/strong><br \/>\nA seguito della consultazione di questo sito possono essere trattati dati relativi a persone identificate o identificabili. I diritti dell&#8217;interessato sono quelli espressamente indicati all&#8217;articolo 7 del &#8220;Codice privacy&#8221; e possono essere esercitati con richiesta rivolta senza formalit\u00e0, anche mediante lettera raccomandata, telefax o posta elettronica (art.9 Cod.) al titolare o al responsabile. Il titolare del trattamento dei dati \u00e8 il Circolo Subacquei Torino, Email: info@circolosubacqueitorino.it<br \/>\n<strong><span style=\"font-size: medium;\">LUOGO DEL TRATTAMENTO DEI DATI<\/span><\/strong><br \/>\nI trattamenti connessi ai servizi web di questo sito hanno luogo presso Circolo Subacquei Torino. Nessun dato derivante dal servizio web viene comunicato o diffuso, salvo nei casi espressamente previsti dalla legge. I dati personali forniti dagli utenti sono utilizzati al solo fine di eseguire il servizio o la prestazione richiesta e sono comunicati a terzi solo nel caso in cui ci\u00f2 sia a tal fine necessario.<br \/>\n<strong><span style=\"font-size: medium;\">TIPOLOGIA DEI DATI TRATTATI<\/span><\/strong><br \/>\n<span style=\"text-decoration: underline;\"><em><span style=\"font-size: small;\">Dati di navigazione<\/span><\/em><\/span><br \/>\nI sistemi informatici e le procedure software preposte al funzionamento di questo sito acquisiscono, nel corso del loro normale esercizio, alcuni dati personali la cui trasmissione \u00e8 implicita nell\u2019uso dei protocolli di comunicazione di internet. Si tratta di informazioni che non sono raccolte per essere associate a interessati identificati, ma che per la loro stessa natura potrebbero, attraverso eleborazioni ed associazioni con dati detenuti da terzi, permettere di identificare gli utenti. In questa categoria di dati rientrano gli indirizzi IP o i nomi di dominio del computer utilizzati dagli utenti che si collegano al sito, gli indirizzi in notazioneURI ( Uniform Resource Identifier )delle risorse richieste, l\u2019orario della richiesta, il metodo utilizzato nel sottoporre la richiesta al server, la dimensione del file ottenuto in risposta, il codice numerico indicante lo stato della risposta data dal server ( buon fine, errore ecc\u2026..) ed altri parametri relativi al sistema operativo e all\u2019ambiente informatico dell\u2019utente. Questi dati vengono eventualmente utilizzati al solo fine di ricavare informazioni statistiche anonime sull\u2019uso del sito e per controllare il corretto funzionamento. I dati potrebbero essere utilizzati per l\u2019accertamento di responsabilit\u00e0 in caso di ipotetici reati informatici ai danni del sito.<br \/>\n<span style=\"font-size: medium;\"><strong>COOKIES<\/strong><br \/>\n<\/span>Nessun dato personale degli utenti viene in proposito acquisito dal sito. Non viene fatto uso di cookies per le informazioni di carattere personale, n\u00e9 vengono utilizzati cookies persistentidi alcun tipo ovvero sistemi per il tracciamento o profilazione degli utenti. Il sito fa uso dei soli \u201c Cookie tecnici.\u201d.<br \/>\nI cookie tecnici sono quelli utilizzati al solo fine di &#8220;effettuare la trasmissione di una comunicazione su una rete di comunicazione elettronica, o nella misura strettamente necessaria al fornitore di un servizio della societ\u00e0 dell&#8217;informazione esplicitamente richiesto dall&#8217;abbonato o dall&#8217;utente a erogare tale servizio&#8221; (cfr. art. 122, comma 1, del Codice).<br \/>\nEssi non vengono utilizzati per scopi ulteriori e sono installati direttamente dal titolare o gestore del sito web. Possono essere suddivisi in cookie di navigazione o di sessione, che garantiscono la normale navigazione e fruizione del sito web (permettendo, ad esempio, di autenticarsi per accedere ad aree riservate); cookie analytics, assimilati ai cookie tecnici laddove utilizzati direttamente dal gestore del sito per raccogliere informazioni, in forma aggregata, sul numero degli utenti e su come questi visitano il sito stesso; cookie di funzionalit\u00e0, che permettono all&#8217;utente la navigazione in funzione di una serie di criteri selezionati (ad esempio, la lingua) al fine di migliorare il servizio reso allo stesso. Per l&#8217;installazione di tali cookie non \u00e8 richiesto il preventivo consenso degli utenti, mentre resta fermo l&#8217;obbligo di dare l&#8217;informativa ai sensi dell&#8217;art. 13 del Codice.<br \/>\nL\u2019uso dei cookies di sessione(che non vengono memorizzati in modo persistente sul computer dell\u2019utente e svaniscono con la chiusura del browser) \u00e8 strettamente limitato alla trasmissione di identificativi di sessione necessari per consentire l\u2019esplorazione sicura ed efficiente del sito. Icookies di sessioneutilizzati in questo sito evitano il ricorso ad altre tecniche informatiche potenzialmente pregiudizievoli per la riservatezza della navigazione degli utenti e non consentono l\u2019acquisizione di dati personali identificativi dell\u2019utente.<br \/>\n<span style=\"font-size: medium;\"><strong>TECNOLOGIE E COOKIE DI TERZE PARTI<\/strong><br \/>\n<\/span>Questo sito web utilizza il servizio di analisi web esterno fornito da Google Analytics, che utilizza la tecnologia Javascript per consentire al sito web di analizzare come gli utenti utilizzano il sito. Google Analytics utilizza principalmente cookie proprietari per generare i rapporti sulle interazioni dei visitatori con i siti web. Questi cookie vengono utilizzati per memorizzare informazioni che non consentono l&#8217;identificazione personale degli utenti. Circolo Subacquei Torino \u00e8 estraneo all\u2019operativit\u00e0 dei \u201ccookies di terze parti\u201d, il cui funzionamento rientra nella responsabilit\u00e0 di tali terze parti. Le informazioni generate sull&#8217;utilizzo del sito web da parte dell&#8217;utente (compreso il suo indirizzo IP) verranno trasmesse e depositate presso i server di Google Analytics. Google Analytics utilizzer\u00e0 queste informazioni allo scopo di tracciare e esaminare l&#8217;utilizzo del sito web, compilare report sulle attivit\u00e0 del sito per gli operatori del sito web e fornire altri servizi relativi alle attivit\u00e0 del sito e all&#8217;utilizzo di Internet. Google Analytics pu\u00f2 anche trasferire queste informazioni a terzi ove ci\u00f2 sia imposto dalla legge o laddove tali terzi trattino le suddette informazioni per conto di Google Analytics. Lei potr\u00e0 trovare la Privacy Policy relativa all\u2019indirizzo: https:\/\/support\/google.com\/analytics<br \/>\n<span style=\"font-size: medium;\"><strong>GESTIONE DEI COOKIE: CONSENSO AL RELATIVO UTILIZZO<\/strong><br \/>\n<\/span>La cancellazione dei cookies non preclude l&#8217;utilizzo del sito circolosubacqueitorino.it<br \/>\nGli utenti\/visitatori possono impostare il browser del computer in modo tale che accetti\/rifiuti tutti i cookies o visualizzi un avviso ogni qual volta viene proposto un cookie, per poter valutare se accettarlo o meno.<br \/>\nVi sono a tale scopo dei componenti (plugin) per i pi\u00f9 diffusi browser che consentono:<\/p>\n<p style=\"padding-left: 30px;\">( ) la gestione (visualizzazione, cancellazione, blocco) dei cookie<br \/>\n( ) la disabilitazione di pagine javascript di terze parti<br \/>\n( ) la visualizzazione delle tecnologie impiegate dal sito<br \/>\n( ) la visualizzazione ed il blocco (selettivo) dei diversi meccanismi di tracciamento<\/p>\n<p>Per default quasi tutti i browser web sono impostati per accettare automaticamente i cookie. Puoi comunque modificare la configurazione predefinita, che con browser (come, ad es. Internet Explorer versione 6.0) \u00e8 quella media, e disabilitare i cookie (cio\u00e8 bloccarli in via definitiva), impostando, nell\u2019apposita scheda (\u201cPrivacy\u201d), il livello di protezione pi\u00f9 elevato (Altissimo), ma Ti informiamo che la disabilitazione pu\u00f2 compromette l\u2019utilizzo di funzioni del sito.<br \/>\nIn ogni caso, hai anche la possibilit\u00e0 di cancellare (o eliminare) i cookie dal Tuo personal computer, utilizzando l\u2019apposita funzione presente nel tuo browser. La cancellazione dei cookie non preclude l&#8217;utilizzo del sito, ma comporta la ripetizione della procedura di autenticazione, ovvero il reinserimento delle Tue credenziali d\u2019accesso.<br \/>\nSe vuoi decidere di volta in volta se accettare o meno i cookie, puoi anche configurare il Tuo browser affinch\u00e9 generi un avviso ogni volta che viene salvato un cookie.<br \/>\nInoltre vi sono dei componenti (plugin) per i pi\u00f9 diffusi browser che consentono:<\/p>\n<p style=\"padding-left: 30px;\">( )\u00a0la gestione (visualizzazione, cancellazione, blocco) dei cookie<br \/>\n( )\u00a0la disabilitazione di pagine javascript di terze parti<br \/>\n( )\u00a0la visualizzazione delle tecnologie impiegate dal sito<br \/>\n( )\u00a0la visualizzazione ed il blocco (selettivo) dei diversi meccanismi di tracciamento<\/p>\n<p>&nbsp;<\/p>\n","protected":false},"excerpt":{"rendered":"<p>NOTE LEGALI PRIVACY POLICY La presente informativa descrive le modalit\u00e0 di gestione del sito circolosubacqueitorino.it, in riferimento al trattamento dei dati personali degli utenti, identificati o identificabili, che lo consultano e che interagiscono con esso e con i servizi web accessibili per via telematica. L\u2019informativa \u00e8 resa ai sensi dell\u00b4 art.13 del d.lgs. n.196\/2003 (Codice &hellip; <\/p>\n<p class=\"link-more\"><a href=\"https:\/\/www.circolosubacqueitorino.it\/?page_id=1481\" class=\"more-link\">Leggi tutto<span class=\"screen-reader-text\"> &#8220;Privacy Policy&#8221;<\/span><\/a><\/p>\n","protected":false},"author":3,"featured_media":0,"parent":0,"menu_order":0,"comment_status":"closed","ping_status":"closed","template":"","meta":{"footnotes":""},"class_list":["post-1481","page","type-page","status-publish","hentry"],"yoast_head":"<!-- This site is optimized with the Yoast SEO plugin v27.5 - https:\/\/yoast.com\/product\/yoast-seo-wordpress\/ -->\n<title>Privacy Policy - CST<\/title>\n<meta name=\"robots\" content=\"index, follow, max-snippet:-1, max-image-preview:large, max-video-preview:-1\" \/>\n<link rel=\"canonical\" href=\"https:\/\/www.circolosubacqueitorino.it\/?page_id=1481\" \/>\n<meta property=\"og:locale\" content=\"it_IT\" \/>\n<meta property=\"og:type\" content=\"article\" \/>\n<meta property=\"og:title\" content=\"Privacy Policy - CST\" \/>\n<meta property=\"og:description\" content=\"NOTE LEGALI PRIVACY POLICY La presente informativa descrive le modalit\u00e0 di gestione del sito circolosubacqueitorino.it, in riferimento al trattamento dei dati personali degli utenti, identificati o identificabili, che lo consultano e che interagiscono con esso e con i servizi web accessibili per via telematica. L\u2019informativa \u00e8 resa ai sensi dell\u00b4 art.13 del d.lgs. n.196\/2003 (Codice &hellip; Leggi tutto &quot;Privacy Policy&quot;\" \/>\n<meta property=\"og:url\" content=\"https:\/\/www.circolosubacqueitorino.it\/?page_id=1481\" \/>\n<meta property=\"og:site_name\" content=\"CST\" \/>\n<meta name=\"twitter:card\" content=\"summary_large_image\" \/>\n<meta name=\"twitter:label1\" content=\"Tempo di lettura stimato\" \/>\n\t<meta name=\"twitter:data1\" content=\"6 minuti\" \/>\n<script type=\"application\/ld+json\" class=\"yoast-schema-graph\">{\"@context\":\"https:\\\/\\\/schema.org\",\"@graph\":[{\"@type\":\"WebPage\",\"@id\":\"https:\\\/\\\/www.circolosubacqueitorino.it\\\/?page_id=1481\",\"url\":\"https:\\\/\\\/www.circolosubacqueitorino.it\\\/?page_id=1481\",\"name\":\"Privacy Policy - CST\",\"isPartOf\":{\"@id\":\"https:\\\/\\\/www.circolosubacqueitorino.it\\\/#website\"},\"datePublished\":\"2015-06-12T06:45:29+00:00\",\"breadcrumb\":{\"@id\":\"https:\\\/\\\/www.circolosubacqueitorino.it\\\/?page_id=1481#breadcrumb\"},\"inLanguage\":\"it-IT\",\"potentialAction\":[{\"@type\":\"ReadAction\",\"target\":[\"https:\\\/\\\/www.circolosubacqueitorino.it\\\/?page_id=1481\"]}]},{\"@type\":\"BreadcrumbList\",\"@id\":\"https:\\\/\\\/www.circolosubacqueitorino.it\\\/?page_id=1481#breadcrumb\",\"itemListElement\":[{\"@type\":\"ListItem\",\"position\":1,\"name\":\"Home\",\"item\":\"https:\\\/\\\/www.circolosubacqueitorino.it\\\/\"},{\"@type\":\"ListItem\",\"position\":2,\"name\":\"Privacy Policy\"}]},{\"@type\":\"WebSite\",\"@id\":\"https:\\\/\\\/www.circolosubacqueitorino.it\\\/#website\",\"url\":\"https:\\\/\\\/www.circolosubacqueitorino.it\\\/\",\"name\":\"CST\",\"description\":\"SUB TORINO\",\"publisher\":{\"@id\":\"https:\\\/\\\/www.circolosubacqueitorino.it\\\/#organization\"},\"potentialAction\":[{\"@type\":\"SearchAction\",\"target\":{\"@type\":\"EntryPoint\",\"urlTemplate\":\"https:\\\/\\\/www.circolosubacqueitorino.it\\\/?s={search_term_string}\"},\"query-input\":{\"@type\":\"PropertyValueSpecification\",\"valueRequired\":true,\"valueName\":\"search_term_string\"}}],\"inLanguage\":\"it-IT\"},{\"@type\":\"Organization\",\"@id\":\"https:\\\/\\\/www.circolosubacqueitorino.it\\\/#organization\",\"name\":\"Circolo Subacquei Torino\",\"url\":\"https:\\\/\\\/www.circolosubacqueitorino.it\\\/\",\"logo\":{\"@type\":\"ImageObject\",\"inLanguage\":\"it-IT\",\"@id\":\"https:\\\/\\\/www.circolosubacqueitorino.it\\\/#\\\/schema\\\/logo\\\/image\\\/\",\"url\":\"https:\\\/\\\/www.circolosubacqueitorino.it\\\/wp-content\\\/uploads\\\/2022\\\/05\\\/cst.jpg\",\"contentUrl\":\"https:\\\/\\\/www.circolosubacqueitorino.it\\\/wp-content\\\/uploads\\\/2022\\\/05\\\/cst.jpg\",\"width\":150,\"height\":183,\"caption\":\"Circolo Subacquei Torino\"},\"image\":{\"@id\":\"https:\\\/\\\/www.circolosubacqueitorino.it\\\/#\\\/schema\\\/logo\\\/image\\\/\"}}]}<\/script>\n<!-- \/ Yoast SEO plugin. -->","yoast_head_json":{"title":"Privacy Policy - CST","robots":{"index":"index","follow":"follow","max-snippet":"max-snippet:-1","max-image-preview":"max-image-preview:large","max-video-preview":"max-video-preview:-1"},"canonical":"https:\/\/www.circolosubacqueitorino.it\/?page_id=1481","og_locale":"it_IT","og_type":"article","og_title":"Privacy Policy - CST","og_description":"NOTE LEGALI PRIVACY POLICY La presente informativa descrive le modalit\u00e0 di gestione del sito circolosubacqueitorino.it, in riferimento al trattamento dei dati personali degli utenti, identificati o identificabili, che lo consultano e che interagiscono con esso e con i servizi web accessibili per via telematica. L\u2019informativa \u00e8 resa ai sensi dell\u00b4 art.13 del d.lgs. n.196\/2003 (Codice &hellip; Leggi tutto \"Privacy Policy\"","og_url":"https:\/\/www.circolosubacqueitorino.it\/?page_id=1481","og_site_name":"CST","twitter_card":"summary_large_image","twitter_misc":{"Tempo di lettura stimato":"6 minuti"},"schema":{"@context":"https:\/\/schema.org","@graph":[{"@type":"WebPage","@id":"https:\/\/www.circolosubacqueitorino.it\/?page_id=1481","url":"https:\/\/www.circolosubacqueitorino.it\/?page_id=1481","name":"Privacy Policy - CST","isPartOf":{"@id":"https:\/\/www.circolosubacqueitorino.it\/#website"},"datePublished":"2015-06-12T06:45:29+00:00","breadcrumb":{"@id":"https:\/\/www.circolosubacqueitorino.it\/?page_id=1481#breadcrumb"},"inLanguage":"it-IT","potentialAction":[{"@type":"ReadAction","target":["https:\/\/www.circolosubacqueitorino.it\/?page_id=1481"]}]},{"@type":"BreadcrumbList","@id":"https:\/\/www.circolosubacqueitorino.it\/?page_id=1481#breadcrumb","itemListElement":[{"@type":"ListItem","position":1,"name":"Home","item":"https:\/\/www.circolosubacqueitorino.it\/"},{"@type":"ListItem","position":2,"name":"Privacy Policy"}]},{"@type":"WebSite","@id":"https:\/\/www.circolosubacqueitorino.it\/#website","url":"https:\/\/www.circolosubacqueitorino.it\/","name":"CST","description":"SUB TORINO","publisher":{"@id":"https:\/\/www.circolosubacqueitorino.it\/#organization"},"potentialAction":[{"@type":"SearchAction","target":{"@type":"EntryPoint","urlTemplate":"https:\/\/www.circolosubacqueitorino.it\/?s={search_term_string}"},"query-input":{"@type":"PropertyValueSpecification","valueRequired":true,"valueName":"search_term_string"}}],"inLanguage":"it-IT"},{"@type":"Organization","@id":"https:\/\/www.circolosubacqueitorino.it\/#organization","name":"Circolo Subacquei Torino","url":"https:\/\/www.circolosubacqueitorino.it\/","logo":{"@type":"ImageObject","inLanguage":"it-IT","@id":"https:\/\/www.circolosubacqueitorino.it\/#\/schema\/logo\/image\/","url":"https:\/\/www.circolosubacqueitorino.it\/wp-content\/uploads\/2022\/05\/cst.jpg","contentUrl":"https:\/\/www.circolosubacqueitorino.it\/wp-content\/uploads\/2022\/05\/cst.jpg","width":150,"height":183,"caption":"Circolo Subacquei Torino"},"image":{"@id":"https:\/\/www.circolosubacqueitorino.it\/#\/schema\/logo\/image\/"}}]}},"_links":{"self":[{"href":"https:\/\/www.circolosubacqueitorino.it\/index.php?rest_route=\/wp\/v2\/pages\/1481","targetHints":{"allow":["GET"]}}],"collection":[{"href":"https:\/\/www.circolosubacqueitorino.it\/index.php?rest_route=\/wp\/v2\/pages"}],"about":[{"href":"https:\/\/www.circolosubacqueitorino.it\/index.php?rest_route=\/wp\/v2\/types\/page"}],"author":[{"embeddable":true,"href":"https:\/\/www.circolosubacqueitorino.it\/index.php?rest_route=\/wp\/v2\/users\/3"}],"replies":[{"embeddable":true,"href":"https:\/\/www.circolosubacqueitorino.it\/index.php?rest_route=%2Fwp%2Fv2%2Fcomments&post=1481"}],"version-history":[{"count":0,"href":"https:\/\/www.circolosubacqueitorino.it\/index.php?rest_route=\/wp\/v2\/pages\/1481\/revisions"}],"wp:attachment":[{"href":"https:\/\/www.circolosubacqueitorino.it\/index.php?rest_route=%2Fwp%2Fv2%2Fmedia&parent=1481"}],"curies":[{"name":"wp","href":"https:\/\/api.w.org\/{rel}","templated":true}]}}